6530 and 980?
490
What is the greatest common divisor of 30679 and 2332?
11
What is the highest common factor of 1131150 and 12?
6
Calculate the greatest common divisor of 59 and 26727.
59
Calculate the greatest common factor of 4042507 and 1897.
1897
What is the greatest common factor of 45 and 1033915?
5
What is the highest common factor of 152397 and 7175?
287
Calculate the highest common divisor of 144 and 90621.
9
Calculate the highest common divisor of 496 and 7282148.
124
Calculate the greatest common factor of 995454 and 290.
58
What is the highest common factor of 238 and 141176?
14
What is the highest common divisor of 1776 and 1110?
222
Calculate the highest common factor of 7931 and 154.
77
Calculate the greatest common divisor of 5705094 and 2286.
762
Calculate the greatest common divisor of 11925 and 13950.
225
What is the greatest common divisor of 8164 and 143?
13
What is the highest common divisor of 4043 and 468?
13
What is the greatest common factor of 19565 and 2365?
215
Calculate the highest common divisor of 50 and 203290.
10
Calculate the greatest common divisor of 84532 and 3052.
28
Calculate the greatest common factor of 2451174 and 66.
66
What is the greatest common divisor of 96 and 3126?
6
Calculate the highest common divisor of 351 and 563004.
351
What is the greatest common divisor of 3626 and 1274?
98
Calculate the highest common divisor of 48462 and 126474.
1182
Calculate the greatest common divisor of 191478 and 282.
282
What is the highest common divisor of 148 and 11951?
37
What is the highest common divisor of 64 and 272176?
16
What is the highest common factor of 3 and 300402?
3
Calculate the greatest common divisor of 528 and 80124.
132
What is the greatest common divisor of 2368 and 215784?
296
Calculate the highest common divisor of 373380 and 2205.
735
What is the highest common factor of 3771747 and 252?
63
Calculate the highest common factor of 16112 and 32.
16
Calculate the greatest common factor of 2190 and 93294.
438
What is the highest common divisor of 7570 and 3940?
10
What is the highest common divisor of 578723 and 1114?
557
What is the greatest common divisor of 14 and 902146?
14
What is the highest common factor of 8 and 7572?
4
Calculate the greatest common factor of 289659 and 3.
3
Calculate the greatest common divisor of 1230 and 122754.
246
What is the greatest common factor of 135 and 53784?
27
Calculate the greatest common factor of 936 and 5031.
117
What is the highest common factor of 25472 and 416?
32
Calculate the highest common divisor of 270 and 18045.
45
What is the highest common factor of 9 and 14618?
1
Calculate the highest common factor of 31 and 421104.
31
What is the greatest common factor of 1175 and 50?
25
Calculate the highest common factor of 931 and 117747.
49
Calculate the greatest common divisor of 40 and 15560.
40
What is the greatest common factor of 138453 and 665?
133
What is the highest common divisor of 82012 and 224?
28
What is the greatest common factor of 1660 and 6685?
5
Calculate the greatest common divisor of 4068 and 243.
9
What is the highest common divisor of 24 and 5177580?
12
What is the highest common factor of 222200 and 100?
100
What is the greatest common divisor of 221 and 10829?
221
Calculate the highest common divisor of 442 and 1546558.
442
Calculate the highest common divisor of 8307 and 123327.
639
Calculate the greatest common factor of 35 and 6335.
35
Calculate the highest common divisor of 4628 and 634.
2
What is the highest common factor of 2183 and 1813?
37
What is the highest common factor of 187449 and 6?
3
What is the greatest common factor of 13 and 66144?
13
Calculate the highest common divisor of 19827 and 261.
9
What is the highest common factor of 36 and 47100?
12
What is the greatest common factor of 280960 and 640?
640
Calculate the highest common factor of 114836 and 152.
76
What is the highest common divisor of 10725 and 104325?
975
What is the highest common divisor of 147 and 39?
3
Calculate the greatest common divisor of 27576063 and 333.
333
What is the greatest common factor of 2183 and 703?
37
Calculate the highest common divisor of 30765 and 1596.
21
Calculate the highest common factor of 8913 and 9.
3
What is the highest common factor of 8359 and 130?
13
What is the greatest common divisor of 27192 and 704?
88
What is the greatest common divisor of 41552 and 6664?
392
What is the greatest common factor of 37572 and 1860?
372
Calculate the highest common factor of 107649 and 4131.
243
What is the greatest common divisor of 165 and 91135?
55
Calculate the highest common factor of 2 and 491.
1
Calculate the greatest common factor of 18 and 220734.
18
Calculate the highest common divisor of 14268 and 47601.
123
Calculate the highest common factor of 4313994 and 6.
6
What is the greatest common divisor of 7557 and 209?
11
What is the highest common divisor of 91 and 228527?
13
Calculate the greatest common divisor of 2352 and 1488.
48
What is the greatest common divisor of 1528485 and 525?
105
What is the highest common divisor of 21 and 37996?
7
What is the greatest common divisor of 50 and 16190?
10
What is the greatest common factor of 8037 and 408?
3
What is the highest common divisor of 104741 and 273?
91
Calculate the highest common divisor of 505960 and 312.
104
Calculate the highest common divisor of 1312731 and 933.
933
What is the greatest common factor of 1886 and 16721?
23
Calculate the greatest common factor of 3687233 and 682.
341
What is the greatest common factor of 24 and 8120?
8
What is the greatest common divisor of 870 and 34220?
290
Calculate the highest common divisor of 74902 and 85.
17
Calculate the greatest common factor of 402620 and 820.
820
What is the greatest common divisor of 11427 and 975?
39
Calculate the greatest common factor of 52768 and 102.
34
What is the highest common factor of 24 and 111804?
12
What is the highest common factor of 1392 and 99006?
174
What is the highest common divisor of 37584 and 324945?
783
What is the highest common divisor of 250 and 9250?
250
Calculate the greatest common divisor of 4128 and 2400.
96
What is the greatest common factor of 544 and 7106?
34
Calculate the greatest common factor of 2064 and 13244.
172
Calculate the highest common factor of 120 and 3573096.
24
Calculate the greatest common factor of 224 and 471632.
112
Calculate the greatest common divisor of 4939828 and 332.
332
Calculate the highest common factor of 27 and 92295.
9
What is the highest common factor of 644763 and 21?
21
What is the highest common divisor of 721 and 192095?
103
What is the highest common factor of 2690 and 14650?
10
What is the greatest common divisor of 33929 and 49?
7
Calculate the highest common factor of 29029 and 812.
203
Calculate the greatest common divisor of 111195 and 315.
315
Calculate the greatest common divisor of 10 and 575765.
5
What is the greatest common divisor of 79516 and 14008?
412
What is the greatest common divisor of 8740 and 665?
95
What is the highest common divisor of 34132 and 25546?
106
Calculate the highest common factor of 858 and 129.
3
What is the highest common divisor of 34210 and 110716?
622
What is the highest common factor of 429 and 242?
11
What is the greatest common divisor of 7728 and 128432?
368
Calculate the greatest common factor of 358040 and 80.
40
What is the greatest common factor of 6897198 and 924?
462
What is the greatest common divisor of 1394 and 416929?
41
What is the highest common divisor of 402 and 80266?
134
Calculate the highest common divisor of 1477 and 217.
7
Calculate the greatest common divisor of 1620 and 8460.
180
What is the greatest common factor of 6060 and 924?
12
Calculate the highest common factor of 489 and 484599.
489
What is the highest common factor of 1323 and 6958?
49
What is the highest common factor of 7335 and 82641?
489
What is the highest common divisor of 32 and 865952?
32
What is the greatest common factor of 12811 and 20609?
557
Calculate the highest common divisor of 13 and 241618.
13
Calculate the highest common factor of 48 and 43311.
3
Calculate the highest common divisor of 1710 and 1888695.
855
Calculate the greatest common factor of 372955 and 374.
11
Calculate the g